
{"id":504,"date":"2017-01-18T17:04:33","date_gmt":"2017-01-18T16:04:33","guid":{"rendered":"https:\/\/www.netzausstatter.at\/wolkenwerkstatt\/?page_id=504"},"modified":"2017-01-26T13:36:26","modified_gmt":"2017-01-26T12:36:26","slug":"kontakt","status":"publish","type":"page","link":"https:\/\/www.netzausstatter.at\/wolkenwerkstatt\/kontakt\/","title":{"rendered":"Kontakt"},"content":{"rendered":"<p>[et_pb_section admin_label=&#8220;section&#8220;][et_pb_row admin_label=&#8220;Zeile&#8220;][et_pb_column type=&#8220;4_4&#8243;][et_pb_post_title admin_label=&#8220;Posttitel&#8220; title=&#8220;on&#8220; meta=&#8220;off&#8220; author=&#8220;on&#8220; date=&#8220;on&#8220; categories=&#8220;on&#8220; comments=&#8220;on&#8220; featured_image=&#8220;off&#8220; featured_placement=&#8220;below&#8220; parallax_effect=&#8220;on&#8220; parallax_method=&#8220;on&#8220; text_orientation=&#8220;left&#8220; text_color=&#8220;dark&#8220; text_background=&#8220;off&#8220; text_bg_color=&#8220;rgba(255,255,255,0.9)&#8220; module_bg_color=&#8220;rgba(255,255,255,0)&#8220; use_border_color=&#8220;off&#8220; border_color=&#8220;#ffffff&#8220; border_style=&#8220;solid&#8220;] [\/et_pb_post_title][\/et_pb_column][\/et_pb_row][et_pb_row admin_label=&#8220;Zeile&#8220;][et_pb_column type=&#8220;1_2&#8243;][et_pb_text admin_label=&#8220;Text&#8220; background_layout=&#8220;light&#8220; text_orientation=&#8220;left&#8220; use_border_color=&#8220;off&#8220; border_color=&#8220;#ffffff&#8220; border_style=&#8220;solid&#8220;]<\/p>\n<h2>&#8222;Wiener Wolkenwerkstatt&#8220; &#8211; alles nicht wahr&#8230;<\/h2>\n<p>Wie Sie wahrscheinlich schon bemerkt haben, ist die <em>Wiener Wolkenwerkstatt<\/em> etwas, was \u201eim richtigen Leben\u201c nicht existiert \u2013 nur die Fotos sind echt und wurden \u00fcbrigens fast alle von mir selbst aufgenommen.<\/p>\n<p><a href=\"https:\/\/www.netzausstatter.at\/wolkenwerkstatt\/wp-content\/uploads\/2017\/01\/2_buntstiftschraffur.jpg\"><img loading=\"lazy\" class=\"size-thumbnail wp-image-469 alignleft\" src=\"https:\/\/www.netzausstatter.at\/wolkenwerkstatt\/wp-content\/uploads\/2017\/01\/2_buntstiftschraffur-150x150.jpg\" alt=\"\" width=\"150\" height=\"150\" srcset=\"https:\/\/www.netzausstatter.at\/wolkenwerkstatt\/wp-content\/uploads\/2017\/01\/2_buntstiftschraffur-150x150.jpg 150w, https:\/\/www.netzausstatter.at\/wolkenwerkstatt\/wp-content\/uploads\/2017\/01\/2_buntstiftschraffur.jpg 160w\" sizes=\"(max-width: 150px) 100vw, 150px\" \/><\/a>Ich bin also derjenige, der das alles gemacht hat, nicht nur die Texte und Fotos, sondern vor allem die Website: Mein Name ist <span style=\"color: #008000;\">Johannes Prischl<\/span>, ich bin unter meinem Label <span style=\"color: #008000;\">netzausstatter.at | webdesign en d\u00e9tail <\/span>als selbst\u00e4ndiger Webdesigner und -Entwickler in Wien t\u00e4tig.<\/p>\n<p>Diese Website ist eine meiner Musterwebsites, mit denen ich interessierten Menschen (als Erg\u00e4nzung zu meinen \u201eechten\u201c Websites) demonstrieren m\u00f6chte, was ich ihnen anbieten kann. Diese Website (also alle Seiten der <em>Wiener Wolkenwerkstatt<\/em>) ist in WordPress erstellt, einem Content Management System, das dem\/der Seiteninhaber\/in u.a. erlaubt, selbst \u00c4nderungen und Aktualisierungen am Inhalt der Website vorzunehmen sowie eigene Beitr\u00e4ge zu erstellen. Zus\u00e4tzlich ist hier eine Sammlung teilweise vorgefertigter Elemente und Funktionen zur Anwendung gekommen, die es mir erm\u00f6glicht, damit erstellte Websites g\u00fcnstiger anzubieten als \u201ema\u00dfgeschneiderte\u201c.<\/p>\n<p>Anstelle der \u201eWiener Wolkenwerkstatt\u201c kann man sich als Thema einer so erstellten Seite nat\u00fcrlich eine beliebige Firma, Organisation oder auch Einzelperson vorstellen. Eine \u00dcbersicht \u00fcber weitere Websites, die ich gemacht habe, finden Sie auf der Seite <a href=\"https:\/\/www.netzausstatter.at\/seiten\/portfolio.php\">Portfolio<\/a> meiner eigenen Website. Informationen \u00fcber mich finden Sie <a href=\"https:\/\/www.netzausstatter.at\/seiten\/information.php\">hier<\/a>, und wenn Sie mich kontaktieren m\u00f6chten, finden Sie die entsprechenden Daten und ein Kontaktformular auf dieser Seite. Ich w\u00fcrde mich freuen, von Ihnen zu h\u00f6ren.<\/p>\n<p>Falls Sie zwar keine Website brauchen, aber trotzdem Feedback hinterlassen m\u00f6chten: Den Link zu meiner Facebook-Seite finden Sie\u00a0 unten im Footer-Bereich.<\/p>\n<p>[\/et_pb_text][\/et_pb_column][et_pb_column type=&#8220;1_2&#8243;][et_pb_blurb admin_label=&#8220;Informationstext&#8220; title=&#8220;Kontaktdaten&#8220; url_new_window=&#8220;off&#8220; use_icon=&#8220;on&#8220; font_icon=&#8220;%%148%%&#8220; icon_color=&#8220;#7ebec5&#8243; use_circle=&#8220;on&#8220; circle_color=&#8220;#ffffff&#8220; use_circle_border=&#8220;on&#8220; circle_border_color=&#8220;#7EBEC5&#8243; icon_placement=&#8220;left&#8220; animation=&#8220;top&#8220; background_layout=&#8220;light&#8220; text_orientation=&#8220;left&#8220; use_icon_font_size=&#8220;off&#8220; use_border_color=&#8220;off&#8220; border_color=&#8220;#ffffff&#8220; border_style=&#8220;solid&#8220; header_font_size=&#8220;24&#8243; header_line_height=&#8220;1.2em&#8220;]<\/p>\n<p><span style=\"color: #008000;\">Johannes Prischl<\/span><br \/>\n <span style=\"color: #008000;\"><a style=\"color: #008000;\" href=\"https:\/\/www.netzausstatter.at\">netzausstatter.at | webdesign en d\u00e9tail<\/a><\/span><\/p>\n<p>1070 Wien, Bandgasse 7\/3\/19<\/p>\n<p>Tel. +43 680 3013596<\/p>\n<p><a href=\"mailto:office@netzausstatter.at\">office@netzausstatter.at<\/a><\/p>\n<p>[\/et_pb_blurb][et_pb_contact_form admin_label=&#8220;Kontaktformular&#8220; captcha=&#8220;on&#8220; email=&#8220;office@netzausstatter.at&#8220; title=&#8220;Oder verwenden Sie dieses Kontaktformular:&#8220; use_redirect=&#8220;off&#8220; success_message=&#8220;Ihre Nachricht wurde an netzausstatter.at geschickt. Wir werden so schnell wie m\u00f6glich darauf reagieren.&#8220; input_border_radius=&#8220;0&#8243; use_border_color=&#8220;off&#8220; border_color=&#8220;#ffffff&#8220; border_style=&#8220;solid&#8220; custom_button=&#8220;off&#8220; button_letter_spacing=&#8220;0&#8243; button_use_icon=&#8220;default&#8220; button_icon_placement=&#8220;right&#8220; button_on_hover=&#8220;on&#8220; button_letter_spacing_hover=&#8220;0&#8243; redirect_url=&#8220;https:\/\/www.netzausstatter.at&#8220;] [et_pb_contact_field field_title=&#8220;Vorname&#8220; field_type=&#8220;input&#8220; field_id=&#8220;Vorname&#8220; required_mark=&#8220;on&#8220; fullwidth_field=&#8220;off&#8220; form_field_font_select=&#8220;default&#8220; form_field_font=&#8220;||||&#8220; use_border_color=&#8220;off&#8220; border_style=&#8220;solid&#8220;] [\/et_pb_contact_field][et_pb_contact_field field_title=&#8220;Nachname&#8220; field_type=&#8220;input&#8220; field_id=&#8220;Nachname&#8220; required_mark=&#8220;on&#8220; fullwidth_field=&#8220;off&#8220; form_field_font_select=&#8220;default&#8220; form_field_font=&#8220;||||&#8220; use_border_color=&#8220;off&#8220; border_style=&#8220;solid&#8220;] [\/et_pb_contact_field][et_pb_contact_field field_title=&#8220;E-Mail-Adresse&#8220; field_type=&#8220;email&#8220; field_id=&#8220;Email&#8220; required_mark=&#8220;on&#8220; fullwidth_field=&#8220;off&#8220; form_field_font_select=&#8220;default&#8220; form_field_font=&#8220;||||&#8220; use_border_color=&#8220;off&#8220; border_style=&#8220;solid&#8220;] [\/et_pb_contact_field][et_pb_contact_field field_id=&#8220;Telefonnummer&#8220; field_title=&#8220;Telefonnummer&#8220; field_type=&#8220;input&#8220; required_mark=&#8220;off&#8220; fullwidth_field=&#8220;off&#8220; form_field_font_select=&#8220;default&#8220; form_field_font=&#8220;||||&#8220; use_border_color=&#8220;off&#8220; border_style=&#8220;solid&#8220; \/][et_pb_contact_field field_title=&#8220;Ihre Nachricht&#8220; field_type=&#8220;text&#8220; field_id=&#8220;Nachricht&#8220; required_mark=&#8220;on&#8220; fullwidth_field=&#8220;on&#8220; form_field_font_select=&#8220;default&#8220; form_field_font=&#8220;||||&#8220; use_border_color=&#8220;off&#8220; border_style=&#8220;solid&#8220;] [\/et_pb_contact_field] [\/et_pb_contact_form][\/et_pb_column][\/et_pb_row][\/et_pb_section]<\/p>\n","protected":false},"excerpt":{"rendered":"<p>[et_pb_section admin_label=&#8220;section&#8220;][et_pb_row admin_label=&#8220;Zeile&#8220;][et_pb_column type=&#8220;4_4&#8243;][et_pb_post_title admin_label=&#8220;Posttitel&#8220; title=&#8220;on&#8220; meta=&#8220;off&#8220; author=&#8220;on&#8220; date=&#8220;on&#8220; categories=&#8220;on&#8220; comments=&#8220;on&#8220; featured_image=&#8220;off&#8220; featured_placement=&#8220;below&#8220; parallax_effect=&#8220;on&#8220; parallax_method=&#8220;on&#8220; text_orientation=&#8220;left&#8220; text_color=&#8220;dark&#8220; text_background=&#8220;off&#8220; text_bg_color=&#8220;rgba(255,255,255,0.9)&#8220; module_bg_color=&#8220;rgba(255,255,255,0)&#8220; use_border_color=&#8220;off&#8220; border_color=&#8220;#ffffff&#8220; border_style=&#8220;solid&#8220;] [\/et_pb_post_title][\/et_pb_column][\/et_pb_row][et_pb_row admin_label=&#8220;Zeile&#8220;][et_pb_column type=&#8220;1_2&#8243;][et_pb_text admin_label=&#8220;Text&#8220; background_layout=&#8220;light&#8220; text_orientation=&#8220;left&#8220; use_border_color=&#8220;off&#8220; border_color=&#8220;#ffffff&#8220; border_style=&#8220;solid&#8220;] &#8222;Wiener Wolkenwerkstatt&#8220; &#8211; alles nicht wahr&#8230; Wie Sie wahrscheinlich schon bemerkt haben, ist die Wiener Wolkenwerkstatt etwas, was \u201eim richtigen Leben\u201c nicht existiert [&hellip;]<\/p>\n","protected":false},"author":1,"featured_media":0,"parent":0,"menu_order":0,"comment_status":"closed","ping_status":"closed","template":"","meta":{"_et_pb_use_builder":"on","_et_pb_old_content":"","_et_gb_content_width":""},"_links":{"self":[{"href":"https:\/\/www.netzausstatter.at\/wolkenwerkstatt\/wp-json\/wp\/v2\/pages\/504"}],"collection":[{"href":"https:\/\/www.netzausstatter.at\/wolkenwerkstatt\/wp-json\/wp\/v2\/pages"}],"about":[{"href":"https:\/\/www.netzausstatter.at\/wolkenwerkstatt\/wp-json\/wp\/v2\/types\/page"}],"author":[{"embeddable":true,"href":"https:\/\/www.netzausstatter.at\/wolkenwerkstatt\/wp-json\/wp\/v2\/users\/1"}],"replies":[{"embeddable":true,"href":"https:\/\/www.netzausstatter.at\/wolkenwerkstatt\/wp-json\/wp\/v2\/comments?post=504"}],"version-history":[{"count":21,"href":"https:\/\/www.netzausstatter.at\/wolkenwerkstatt\/wp-json\/wp\/v2\/pages\/504\/revisions"}],"predecessor-version":[{"id":848,"href":"https:\/\/www.netzausstatter.at\/wolkenwerkstatt\/wp-json\/wp\/v2\/pages\/504\/revisions\/848"}],"wp:attachment":[{"href":"https:\/\/www.netzausstatter.at\/wolkenwerkstatt\/wp-json\/wp\/v2\/media?parent=504"}],"curies":[{"name":"wp","href":"https:\/\/api.w.org\/{rel}","templated":true}]}}