
{"id":46,"date":"2017-01-13T17:36:13","date_gmt":"2017-01-13T16:36:13","guid":{"rendered":"https:\/\/www.netzausstatter.at\/wolkenwerkstatt\/?page_id=46"},"modified":"2017-03-23T13:33:47","modified_gmt":"2017-03-23T12:33:47","slug":"startseite","status":"publish","type":"page","link":"https:\/\/www.netzausstatter.at\/wolkenwerkstatt\/","title":{"rendered":"Willkommen auf unserer Website"},"content":{"rendered":"<p>[et_pb_section bb_built=&#8220;1&#8243; admin_label=&#8220;Sektion&#8220; transparent_background=&#8220;off&#8220; allow_player_pause=&#8220;off&#8220; inner_shadow=&#8220;off&#8220; parallax=&#8220;off&#8220; parallax_method=&#8220;on&#8220; make_fullwidth=&#8220;off&#8220; use_custom_width=&#8220;off&#8220; width_unit=&#8220;off&#8220; custom_width_px=&#8220;1080px&#8220; custom_width_percent=&#8220;80%&#8220; make_equal=&#8220;off&#8220; use_custom_gutter=&#8220;off&#8220; fullwidth=&#8220;on&#8220; specialty=&#8220;off&#8220; disabled=&#8220;off&#8220;][et_pb_fullwidth_header admin_label=&#8220;Vollbreite Kopfzeile&#8220; title=&#8220;Die Wiener Wolkenwerkstatt&#8220; subhead=&#8220;Schafzeeler &amp; Co.&#8220; background_layout=&#8220;dark&#8220; text_orientation=&#8220;center&#8220; header_fullscreen=&#8220;on&#8220; header_scroll_down=&#8220;on&#8220; scroll_down_icon_size=&#8220;60px&#8220; scroll_down_icon_size_tablet=&#8220;50px&#8220; scroll_down_icon_size_last_edited=&#8220;on|tablet&#8220; background_url=&#8220;https:\/\/www.netzausstatter.at\/wolkenwerkstatt\/wp-content\/uploads\/2017\/01\/IMG_9666_800x480.jpg&#8220; parallax=&#8220;off&#8220; parallax_method=&#8220;off&#8220; logo_image_url=&#8220;https:\/\/www.netzausstatter.at\/wolkenwerkstatt\/wp-content\/uploads\/2017\/01\/Logo-Wiener-Wolkenwerkstatt-5.png&#8220; content_orientation=&#8220;center&#8220; image_orientation=&#8220;center&#8220; disabled_on=&#8220;off|off|off&#8220; title_font_size=&#8220;48px&#8220; title_font_size_phone=&#8220;36px&#8220; title_font_size_last_edited=&#8220;on|phone&#8220; subhead_font=&#8220;Lobster||||&#8220; subhead_font_size=&#8220;32px&#8220; subhead_font_size_tablet=&#8220;24px&#8220; subhead_font_size_phone=&#8220;20px&#8220; subhead_font_size_last_edited=&#8220;on|tablet&#8220; content_font_size=&#8220;18px&#8220; custom_button_one=&#8220;off&#8220; button_one_letter_spacing=&#8220;0&#8243; button_one_use_icon=&#8220;default&#8220; button_one_icon_placement=&#8220;right&#8220; button_one_on_hover=&#8220;on&#8220; button_one_letter_spacing_hover=&#8220;0&#8243; custom_button_two=&#8220;off&#8220; button_two_letter_spacing=&#8220;0&#8243; button_two_use_icon=&#8220;default&#8220; button_two_icon_placement=&#8220;right&#8220; button_two_on_hover=&#8220;on&#8220; button_two_letter_spacing_hover=&#8220;0&#8243; custom_css_logo=&#8220;max-width: 100px;&#8220; custom_css_subtitle=&#8220;margin-bottom: 0.5em;&#8220; disabled=&#8220;off&#8220;]<\/p>\n<p>Wolkendienste mit Flow<\/p>\n<p>[\/et_pb_fullwidth_header][\/et_pb_section][et_pb_section bb_built=&#8220;1&#8243; admin_label=&#8220;Sektion&#8220; transparent_background=&#8220;on&#8220; allow_player_pause=&#8220;off&#8220; inner_shadow=&#8220;off&#8220; parallax=&#8220;off&#8220; parallax_method=&#8220;off&#8220; make_fullwidth=&#8220;off&#8220; use_custom_width=&#8220;off&#8220; width_unit=&#8220;on&#8220; custom_width_px=&#8220;1080px&#8220; custom_width_percent=&#8220;80%&#8220; make_equal=&#8220;off&#8220; use_custom_gutter=&#8220;off&#8220; fullwidth=&#8220;on&#8220; specialty=&#8220;off&#8220; disabled=&#8220;off&#8220;][et_pb_fullwidth_slider admin_label=&#8220;Vollbreiter Slider&#8220; show_arrows=&#8220;on&#8220; show_pagination=&#8220;on&#8220; auto=&#8220;on&#8220; auto_speed=&#8220;7000&#8243; auto_ignore_hover=&#8220;on&#8220; parallax=&#8220;off&#8220; parallax_method=&#8220;off&#8220; remove_inner_shadow=&#8220;off&#8220; background_position=&#8220;default&#8220; background_size=&#8220;default&#8220; top_padding_last_edited=&#8220;off|desktop&#8220; bottom_padding_last_edited=&#8220;off|&#8220; hide_content_on_mobile=&#8220;off&#8220; hide_cta_on_mobile=&#8220;on&#8220; show_image_video_mobile=&#8220;off&#8220; module_class=&#8220;.et_pb_fullscreen&#8220; custom_button=&#8220;off&#8220; button_letter_spacing=&#8220;0&#8243; button_use_icon=&#8220;default&#8220; button_icon_placement=&#8220;right&#8220; button_on_hover=&#8220;on&#8220; button_letter_spacing_hover=&#8220;0&#8243; disabled=&#8220;off&#8220;] [et_pb_slide heading=&#8220;Wolkenbeleuchtung&#8220; button_text=&#8220;Zu unseren Beleuchtungsvorschl\u00e4gen&#8220; button_link=&#8220;\/wolkenwerkstatt\/wolkenbeleuchtung&#8220; background_image=&#8220;https:\/\/www.netzausstatter.at\/wolkenwerkstatt\/wp-content\/uploads\/2017\/01\/Gesaeuse_184_1280x512.jpg&#8220; background_position=&#8220;default&#8220; background_size=&#8220;default&#8220; background_color=&#8220;#ffffff&#8220; use_bg_overlay=&#8220;off&#8220; use_text_overlay=&#8220;on&#8220; text_overlay_color=&#8220;rgba(59,65,66,0.22)&#8220; alignment=&#8220;center&#8220; background_layout=&#8220;dark&#8220; allow_player_pause=&#8220;off&#8220; text_border_radius=&#8220;3&#8243; header_font=&#8220;||||&#8220; body_font=&#8220;||||&#8220; custom_button=&#8220;off&#8220; button_font=&#8220;||||&#8220; button_use_icon=&#8220;default&#8220; button_icon_placement=&#8220;right&#8220; button_on_hover=&#8220;on&#8220; disabled=&#8220;off&#8220; header_font_select=&#8220;default&#8220; body_font_select=&#8220;default&#8220; button_font_select=&#8220;default&#8220;]<\/p>\n<p><span class=\"hide_on_mobile\">Die exquisiteste Wolke kommt nicht richtig zur Geltung, wenn sie nicht ad\u00e4quat beleuchtet ist. <\/span>Wir sorgen bei Ihren Wolken f\u00fcr das richtige Licht!<\/p>\n<p>[\/et_pb_slide][et_pb_slide heading=&#8220;Wolken nach Ma\u00df&#8220; button_text=&#8220;Sehen Sie einige Beispiele&#8220; button_link=&#8220;\/wolkenwerkstatt\/massanfertigungen&#8220; background_image=&#8220;https:\/\/www.netzausstatter.at\/wolkenwerkstatt\/wp-content\/uploads\/2017\/01\/Italien_2016041_1280x960.jpg&#8220; background_position=&#8220;default&#8220; background_size=&#8220;default&#8220; background_color=&#8220;#ffffff&#8220; use_bg_overlay=&#8220;off&#8220; use_text_overlay=&#8220;on&#8220; text_overlay_color=&#8220;rgba(57,95,117,0.17)&#8220; alignment=&#8220;center&#8220; background_layout=&#8220;dark&#8220; allow_player_pause=&#8220;off&#8220; text_border_radius=&#8220;3&#8243; header_font=&#8220;||||&#8220; body_font=&#8220;||||&#8220; custom_button=&#8220;off&#8220; button_font=&#8220;||||&#8220; button_use_icon=&#8220;default&#8220; button_icon_placement=&#8220;right&#8220; button_on_hover=&#8220;on&#8220; disabled=&#8220;off&#8220; header_font_select=&#8220;default&#8220; body_font_select=&#8220;default&#8220; button_font_select=&#8220;default&#8220;]<\/p>\n<p><span class=\"hide_on_mobile\">Nicht immer f\u00fcgt sich eine Standardwolke harmonisch in die Umgebung ein, und manchmal muss es einfach etwas besonderes sein! <\/span>Wir fertigen gerne nach Ma\u00df, Ihren Vorstellungen entsprechend!<\/p>\n<p>[\/et_pb_slide][et_pb_slide heading=&#8220;Wolkenf\u00e4rbung&#8220; button_text=&#8220;Mehr dazu&#8220; button_link=&#8220;\/wolkenwerkstatt\/wolkenfaerbung&#8220; background_image=&#8220;https:\/\/www.netzausstatter.at\/wolkenwerkstatt\/wp-content\/uploads\/2017\/01\/Schneealpe_2016-08_67_1280x512.jpg&#8220; background_position=&#8220;default&#8220; background_size=&#8220;default&#8220; background_color=&#8220;#ffffff&#8220; use_bg_overlay=&#8220;off&#8220; use_text_overlay=&#8220;off&#8220; text_overlay_color=&#8220;rgba(57,95,117,0.17)&#8220; alignment=&#8220;center&#8220; background_layout=&#8220;dark&#8220; allow_player_pause=&#8220;off&#8220; text_border_radius=&#8220;3&#8243; header_font=&#8220;||||&#8220; body_font=&#8220;||||&#8220; custom_button=&#8220;off&#8220; button_font=&#8220;||||&#8220; button_use_icon=&#8220;default&#8220; button_icon_placement=&#8220;right&#8220; button_on_hover=&#8220;on&#8220; disabled=&#8220;off&#8220; header_font_select=&#8220;default&#8220; body_font_select=&#8220;default&#8220; button_font_select=&#8220;default&#8220;]<\/p>\n<p>Wir f\u00e4rben Ihre Wolke mit nat\u00fcrlichen und nachhaltig produzierten Farbstoffen.<span class=\"hide_on_mobile\"> W\u00e4hlen Sie aus unseren Farbmustern oder kontaktieren Sie uns, um gemeinsam eine individuelle L\u00f6sung zu finden.<\/span><\/p>\n<p>[\/et_pb_slide][et_pb_slide heading=&#8220;Wolkenwartung&#8220; button_link=&#8220;\/wolkenwerkstatt\/wolkenwartung&#8220; background_image=&#8220;https:\/\/www.netzausstatter.at\/wolkenwerkstatt\/wp-content\/uploads\/2017\/01\/Schwarze-Wolke-ueber-Wien-1280&#215;384.jpg&#8220; background_position=&#8220;top_center&#8220; background_size=&#8220;default&#8220; background_color=&#8220;#ffffff&#8220; use_bg_overlay=&#8220;off&#8220; use_text_overlay=&#8220;on&#8220; text_overlay_color=&#8220;rgba(57,95,117,0.17)&#8220; alignment=&#8220;center&#8220; background_layout=&#8220;dark&#8220; allow_player_pause=&#8220;off&#8220; text_border_radius=&#8220;3&#8243; header_font=&#8220;||||&#8220; body_font=&#8220;||||&#8220; custom_button=&#8220;off&#8220; button_font=&#8220;||||&#8220; button_use_icon=&#8220;default&#8220; button_icon_placement=&#8220;right&#8220; button_on_hover=&#8220;on&#8220; disabled=&#8220;off&#8220; header_font_select=&#8220;default&#8220; body_font_select=&#8220;default&#8220; button_font_select=&#8220;default&#8220;]<\/p>\n<p><span class=\"hide_on_mobile\">Ihre alte, Ihnen an&#8217;s Herz gewachsene Wolke ist zu nass, zu blass oder zu krass? Kein Problem: <\/span>Wir warten Ihre Wolke innerhalb k\u00fcrzester Zeit.<span class=\"hide_on_mobile\"> Sie werden staunen, wieviel Freude Sie nach einem gr\u00fcndlichen Service wieder daran haben!<\/span><\/p>\n<p>[\/et_pb_slide] [\/et_pb_fullwidth_slider][\/et_pb_section][et_pb_section bb_built=&#8220;1&#8243; admin_label=&#8220;Sektion&#8220; transparent_background=&#8220;off&#8220; allow_player_pause=&#8220;off&#8220; inner_shadow=&#8220;off&#8220; parallax=&#8220;off&#8220; parallax_method=&#8220;on&#8220; make_fullwidth=&#8220;off&#8220; use_custom_width=&#8220;off&#8220; width_unit=&#8220;off&#8220; custom_width_px=&#8220;1080px&#8220; custom_width_percent=&#8220;80%&#8220; make_equal=&#8220;off&#8220; use_custom_gutter=&#8220;off&#8220; fullwidth=&#8220;off&#8220; specialty=&#8220;off&#8220; disabled=&#8220;off&#8220;][et_pb_row admin_label=&#8220;Zeile&#8220; make_fullwidth=&#8220;off&#8220; use_custom_width=&#8220;off&#8220; width_unit=&#8220;on&#8220; custom_width_px=&#8220;1080px&#8220; custom_width_percent=&#8220;80%&#8220; use_custom_gutter=&#8220;on&#8220; gutter_width=&#8220;4&#8243; allow_player_pause=&#8220;off&#8220; parallax=&#8220;off&#8220; parallax_method=&#8220;off&#8220; make_equal=&#8220;on&#8220; parallax_1=&#8220;off&#8220; parallax_method_1=&#8220;off&#8220; parallax_2=&#8220;off&#8220; parallax_method_2=&#8220;off&#8220; parallax_3=&#8220;off&#8220; parallax_method_3=&#8220;off&#8220; parallax_4=&#8220;off&#8220; parallax_method_4=&#8220;on&#8220; module_class=&#8220;blurb_section_landing_page&#8220; custom_css_main_element=&#8220;margin-top: 22vh;||margin-bottom: 22vh;||&#8220; disabled=&#8220;off&#8220;][et_pb_column type=&#8220;1_3&#8243;][et_pb_blurb admin_label=&#8220;Link zu Leistungen&#8220; title=&#8220;Unsere Angebote&#8220; url=&#8220;\/wolkenwerkstatt\/leistungen&#8220; url_new_window=&#8220;off&#8220; use_icon=&#8220;on&#8220; font_icon=&#8220;%%173%%&#8220; icon_color=&#8220;#ffffff&#8220; use_circle=&#8220;on&#8220; circle_color=&#8220;#9bccf7&#8243; use_circle_border=&#8220;off&#8220; circle_border_color=&#8220;#7EBEC5&#8243; icon_placement=&#8220;top&#8220; animation=&#8220;top&#8220; background_layout=&#8220;light&#8220; text_orientation=&#8220;left&#8220; use_icon_font_size=&#8220;off&#8220; icon_font_size=&#8220;96px&#8220; module_class=&#8220;blurbs_landing_page&#8220; header_font_size=&#8220;28&#8243; header_font_size_tablet=&#8220;20&#8243; header_font_size_phone=&#8220;18&#8243; header_font_size_last_edited=&#8220;on|desktop&#8220; header_line_height=&#8220;1.1em&#8220; body_font_size=&#8220;18&#8243; body_line_height=&#8220;1.4em&#8220; use_border_color=&#8220;off&#8220; border_color=&#8220;#dddddd&#8220; border_width=&#8220;1px&#8220; border_style=&#8220;solid&#8220; disabled=&#8220;off&#8220; saved_tabs=&#8220;all&#8220;]<\/p>\n<p>Zu unseren Leistungen geh\u00f6ren u.a. das F\u00e4rben, Z\u00e4hlen, Beleuchten, Reinigen und Warten Ihrer Wolken. Ferner bieten wir ma\u00dfgefertigte Wolken an und organisieren auch eine Wolken-Sharing-Community.<\/p>\n<p>[\/et_pb_blurb][\/et_pb_column][et_pb_column type=&#8220;1_3&#8243;][et_pb_blurb admin_label=&#8220;Link zu \u00dcber Uns&#8220; title=&#8220;\u00dcber uns&#8220; url=&#8220;\/wolkenwerkstatt\/ueber-uns&#8220; url_new_window=&#8220;off&#8220; use_icon=&#8220;on&#8220; font_icon=&#8220;%%259%%&#8220; icon_color=&#8220;#ffffff&#8220; use_circle=&#8220;on&#8220; circle_color=&#8220;#9bccf7&#8243; use_circle_border=&#8220;off&#8220; circle_border_color=&#8220;#7EBEC5&#8243; icon_placement=&#8220;top&#8220; animation=&#8220;top&#8220; background_layout=&#8220;light&#8220; text_orientation=&#8220;left&#8220; use_icon_font_size=&#8220;off&#8220; icon_font_size=&#8220;96px&#8220; module_class=&#8220;blurbs_landing_page&#8220; header_font_size=&#8220;28&#8243; header_font_size_tablet=&#8220;20&#8243; header_font_size_phone=&#8220;18&#8243; header_font_size_last_edited=&#8220;on|phone&#8220; header_line_height=&#8220;1.1em&#8220; body_font_size=&#8220;18&#8243; body_line_height=&#8220;1.4em&#8220; use_border_color=&#8220;off&#8220; border_color=&#8220;#ffffff&#8220; border_width=&#8220;1px&#8220; border_style=&#8220;solid&#8220; disabled=&#8220;off&#8220;]<\/p>\n<p>Unsere Werkstatt wird seit drei Generationen als Familienbetrieb gef\u00fchrt. Erfahren Sie mehr \u00fcber unsere Tradition, die Struktur unseres Betriebs, unsere Philosophie und \u00fcber uns selbst.<\/p>\n<p>[\/et_pb_blurb][\/et_pb_column][et_pb_column type=&#8220;1_3&#8243;][et_pb_blurb admin_label=&#8220;Link zu Kontakt&#8220; title=&#8220;Kontakt&#8220; url=&#8220;\/wolkenwerkstatt\/kontakt&#8220; url_new_window=&#8220;off&#8220; use_icon=&#8220;on&#8220; font_icon=&#8220;%%148%%&#8220; icon_color=&#8220;#ffffff&#8220; use_circle=&#8220;on&#8220; circle_color=&#8220;#9bccf7&#8243; use_circle_border=&#8220;off&#8220; circle_border_color=&#8220;#7EBEC5&#8243; icon_placement=&#8220;top&#8220; animation=&#8220;top&#8220; background_layout=&#8220;light&#8220; text_orientation=&#8220;left&#8220; use_icon_font_size=&#8220;off&#8220; icon_font_size=&#8220;96px&#8220; module_class=&#8220;blurbs_landing_page&#8220; header_font_size=&#8220;28&#8243; header_font_size_tablet=&#8220;20&#8243; header_font_size_phone=&#8220;18&#8243; header_font_size_last_edited=&#8220;on|phone&#8220; header_line_height=&#8220;1.1em&#8220; body_font_size=&#8220;18&#8243; body_line_height=&#8220;1.4em&#8220; use_border_color=&#8220;off&#8220; border_color=&#8220;#ffffff&#8220; border_width=&#8220;1px&#8220; border_style=&#8220;solid&#8220; disabled=&#8220;off&#8220;]<\/p>\n<p>Finden Sie hier unsere Kontaktdaten oder benutzen Sie das Kontaktformular, um online mit uns in Kontakt zu treten. Wir freuen uns auf Ihr Mail oder Ihren Anruf!<\/p>\n<p>[\/et_pb_blurb][\/et_pb_column][\/et_pb_row][\/et_pb_section]<\/p>\n","protected":false},"excerpt":{"rendered":"<p>[et_pb_section bb_built=&#8220;1&#8243; admin_label=&#8220;Sektion&#8220; transparent_background=&#8220;off&#8220; allow_player_pause=&#8220;off&#8220; inner_shadow=&#8220;off&#8220; parallax=&#8220;off&#8220; parallax_method=&#8220;on&#8220; make_fullwidth=&#8220;off&#8220; use_custom_width=&#8220;off&#8220; width_unit=&#8220;off&#8220; custom_width_px=&#8220;1080px&#8220; custom_width_percent=&#8220;80%&#8220; make_equal=&#8220;off&#8220; use_custom_gutter=&#8220;off&#8220; fullwidth=&#8220;on&#8220; specialty=&#8220;off&#8220; disabled=&#8220;off&#8220;][et_pb_fullwidth_header admin_label=&#8220;Vollbreite Kopfzeile&#8220; title=&#8220;Die Wiener Wolkenwerkstatt&#8220; subhead=&#8220;Schafzeeler &amp; Co.&#8220; background_layout=&#8220;dark&#8220; text_orientation=&#8220;center&#8220; header_fullscreen=&#8220;on&#8220; header_scroll_down=&#8220;on&#8220; scroll_down_icon_size=&#8220;60px&#8220; scroll_down_icon_size_tablet=&#8220;50px&#8220; scroll_down_icon_size_last_edited=&#8220;on|tablet&#8220; background_url=&#8220;https:\/\/www.netzausstatter.at\/wolkenwerkstatt\/wp-content\/uploads\/2017\/01\/IMG_9666_800x480.jpg&#8220; parallax=&#8220;off&#8220; parallax_method=&#8220;off&#8220; logo_image_url=&#8220;https:\/\/www.netzausstatter.at\/wolkenwerkstatt\/wp-content\/uploads\/2017\/01\/Logo-Wiener-Wolkenwerkstatt-5.png&#8220; content_orientation=&#8220;center&#8220; image_orientation=&#8220;center&#8220; disabled_on=&#8220;off|off|off&#8220; title_font_size=&#8220;48px&#8220; title_font_size_phone=&#8220;36px&#8220; title_font_size_last_edited=&#8220;on|phone&#8220; subhead_font=&#8220;Lobster||||&#8220; subhead_font_size=&#8220;32px&#8220; subhead_font_size_tablet=&#8220;24px&#8220; subhead_font_size_phone=&#8220;20px&#8220; subhead_font_size_last_edited=&#8220;on|tablet&#8220; content_font_size=&#8220;18px&#8220; custom_button_one=&#8220;off&#8220; button_one_letter_spacing=&#8220;0&#8243; button_one_use_icon=&#8220;default&#8220; button_one_icon_placement=&#8220;right&#8220; button_one_on_hover=&#8220;on&#8220; button_one_letter_spacing_hover=&#8220;0&#8243; [&hellip;]<\/p>\n","protected":false},"author":1,"featured_media":0,"parent":0,"menu_order":0,"comment_status":"closed","ping_status":"closed","template":"","meta":{"_et_pb_use_builder":"on","_et_pb_old_content":"<p>[et_pb_section admin_label=\"section\"][et_pb_row admin_label=\"row\"][\/et_pb_row][\/et_pb_section]<\/p>","_et_gb_content_width":""},"_links":{"self":[{"href":"https:\/\/www.netzausstatter.at\/wolkenwerkstatt\/wp-json\/wp\/v2\/pages\/46"}],"collection":[{"href":"https:\/\/www.netzausstatter.at\/wolkenwerkstatt\/wp-json\/wp\/v2\/pages"}],"about":[{"href":"https:\/\/www.netzausstatter.at\/wolkenwerkstatt\/wp-json\/wp\/v2\/types\/page"}],"author":[{"embeddable":true,"href":"https:\/\/www.netzausstatter.at\/wolkenwerkstatt\/wp-json\/wp\/v2\/users\/1"}],"replies":[{"embeddable":true,"href":"https:\/\/www.netzausstatter.at\/wolkenwerkstatt\/wp-json\/wp\/v2\/comments?post=46"}],"version-history":[{"count":71,"href":"https:\/\/www.netzausstatter.at\/wolkenwerkstatt\/wp-json\/wp\/v2\/pages\/46\/revisions"}],"predecessor-version":[{"id":824,"href":"https:\/\/www.netzausstatter.at\/wolkenwerkstatt\/wp-json\/wp\/v2\/pages\/46\/revisions\/824"}],"wp:attachment":[{"href":"https:\/\/www.netzausstatter.at\/wolkenwerkstatt\/wp-json\/wp\/v2\/media?parent=46"}],"curies":[{"name":"wp","href":"https:\/\/api.w.org\/{rel}","templated":true}]}}