
{"id":445,"date":"2017-01-18T00:45:11","date_gmt":"2017-01-17T23:45:11","guid":{"rendered":"https:\/\/www.netzausstatter.at\/wolkenwerkstatt\/?page_id=445"},"modified":"2017-02-01T15:16:58","modified_gmt":"2017-02-01T14:16:58","slug":"wolkenwartung","status":"publish","type":"page","link":"https:\/\/www.netzausstatter.at\/wolkenwerkstatt\/wolkenwartung\/","title":{"rendered":"Wolkenwartung"},"content":{"rendered":"<p>[et_pb_section admin_label=&#8220;section&#8220; transparent_background=&#8220;off&#8220; allow_player_pause=&#8220;off&#8220; inner_shadow=&#8220;off&#8220; parallax=&#8220;off&#8220; parallax_method=&#8220;off&#8220; make_fullwidth=&#8220;off&#8220; use_custom_width=&#8220;off&#8220; width_unit=&#8220;on&#8220; make_equal=&#8220;off&#8220; use_custom_gutter=&#8220;off&#8220;][et_pb_row admin_label=&#8220;Zeile&#8220; make_fullwidth=&#8220;off&#8220; use_custom_width=&#8220;off&#8220; width_unit=&#8220;on&#8220; custom_width_px=&#8220;1022px&#8220; use_custom_gutter=&#8220;off&#8220; allow_player_pause=&#8220;off&#8220; parallax=&#8220;off&#8220; parallax_method=&#8220;off&#8220; make_equal=&#8220;off&#8220; parallax_1=&#8220;off&#8220; parallax_method_1=&#8220;off&#8220;][et_pb_column type=&#8220;4_4&#8243;][et_pb_post_title admin_label=&#8220;Posttitel&#8220; title=&#8220;on&#8220; meta=&#8220;off&#8220; author=&#8220;on&#8220; date=&#8220;on&#8220; categories=&#8220;on&#8220; comments=&#8220;on&#8220; featured_image=&#8220;off&#8220; featured_placement=&#8220;below&#8220; parallax_effect=&#8220;on&#8220; parallax_method=&#8220;on&#8220; text_orientation=&#8220;left&#8220; text_color=&#8220;dark&#8220; text_background=&#8220;off&#8220; text_bg_color=&#8220;rgba(255,255,255,0.9)&#8220; module_bg_color=&#8220;rgba(255,255,255,0)&#8220; use_border_color=&#8220;off&#8220; border_color=&#8220;#ffffff&#8220; border_style=&#8220;solid&#8220;]<\/p>\n<p>&nbsp;<\/p>\n<p>[\/et_pb_post_title][\/et_pb_column][\/et_pb_row][et_pb_row admin_label=&#8220;Zeile&#8220;][et_pb_column type=&#8220;4_4&#8243;][et_pb_text admin_label=&#8220;Text&#8220; background_layout=&#8220;light&#8220; text_orientation=&#8220;left&#8220; use_border_color=&#8220;off&#8220; border_color=&#8220;#ffffff&#8220; border_style=&#8220;solid&#8220;]<\/p>\n<p>Man kennt es von Autos, Fahrr\u00e4dern, Heizthermen und vielen anderen Gebrauchsgegenst\u00e4nden: Damit man mit diesen Dingen l\u00e4nger Freude hat und auch l\u00e4ngerfristig alles so funktioniert, wie es soll, m\u00fcssen sie regelm\u00e4\u00dfig gewartet werden \u2013 und da bilden auch Wolken keine Ausnahme: Sie k\u00f6nnen farblos oder dunkel werden, H\u00f6henkontinuit\u00e4t einb\u00fc\u00dfen, werden zu schwer und zu feucht, k\u00f6nnen zerrei\u00dfen oder l\u00f6chrig werden und bekommen ein unansehnliches Erscheinungsbild.<\/p>\n<p>[\/et_pb_text][\/et_pb_column][\/et_pb_row][et_pb_row admin_label=&#8220;Zeile&#8220;][et_pb_column type=&#8220;1_3&#8243;][et_pb_text admin_label=&#8220;Text&#8220; background_layout=&#8220;light&#8220; text_orientation=&#8220;left&#8220; use_border_color=&#8220;off&#8220; border_color=&#8220;#ffffff&#8220; border_style=&#8220;solid&#8220;]<\/p>\n<p>Je nach Alter und Beschaffenheit kann eine angemessene Wartung unterschiedlichen Aufwand erfordern: Von der einfachen Reinigung \u00fcber ein kleines oder gro\u00dfes Servicepaket bis zur vollst\u00e4ndigen General\u00fcberholung. Letzteres zahlt sich allerdings nur selten aus &#8211; ab einem gewissen Alter und Zustand sollte man auch die M\u00f6glichkeit des Upcyclings in Erw\u00e4gung ziehen.<\/p>\n<p>Wir warten Ihre Wolken gewissenhaft, mit modernen, umweltfreundlichen Methoden und ohne Chemie. Nach einer gr\u00fcndlichen Analyse vor Ort (siehe Abb.1), setzen wir je nach vorhandenen Gegebenheiten auf gesteuertes Einbeziehen nat\u00fcrlicher M\u00f6glichkeiten (siehe Abb.2). F\u00fcr extreme Situationen haben wir aber auch entsprechende technische Ausr\u00fcstung, mit der gr\u00f6\u00dfere Szenarien in Griff zu bekommen sind (Abb.3).<\/p>\n<p>[\/et_pb_text][\/et_pb_column][et_pb_column type=&#8220;2_3&#8243;][et_pb_accordion admin_label=&#8220;Akkordeon &#8211; 3 Bilder&#8220; use_border_color=&#8220;off&#8220; border_color=&#8220;#ffffff&#8220; border_style=&#8220;solid&#8220;] [et_pb_accordion_item title=&#8220;Abb.1: Analyse des Wartungsbedarfs vor Ort&#8220;]<\/p>\n<p><a href=\"https:\/\/www.netzausstatter.at\/wolkenwerkstatt\/wp-content\/uploads\/2017\/01\/segelflugzeug_1.jpg\" target=\"_blank\"><img loading=\"lazy\" class=\"alignnone wp-image-617 size-full\" src=\"https:\/\/www.netzausstatter.at\/wolkenwerkstatt\/wp-content\/uploads\/2017\/01\/segelflugzeug_1.jpg\" alt=\"Segelflugzeug\" width=\"1600\" height=\"720\" srcset=\"https:\/\/www.netzausstatter.at\/wolkenwerkstatt\/wp-content\/uploads\/2017\/01\/segelflugzeug_1.jpg 1600w, https:\/\/www.netzausstatter.at\/wolkenwerkstatt\/wp-content\/uploads\/2017\/01\/segelflugzeug_1-300x135.jpg 300w, https:\/\/www.netzausstatter.at\/wolkenwerkstatt\/wp-content\/uploads\/2017\/01\/segelflugzeug_1-768x346.jpg 768w, https:\/\/www.netzausstatter.at\/wolkenwerkstatt\/wp-content\/uploads\/2017\/01\/segelflugzeug_1-1024x461.jpg 1024w, https:\/\/www.netzausstatter.at\/wolkenwerkstatt\/wp-content\/uploads\/2017\/01\/segelflugzeug_1-1080x486.jpg 1080w\" sizes=\"(max-width: 1600px) 100vw, 1600px\" \/><\/a><\/p>\n<p>[\/et_pb_accordion_item][et_pb_accordion_item title=&#8220;Abb.2: Einbringung einer biologischen Kl\u00e4rl\u00f6sung&#8220;]<\/p>\n<p><a href=\"https:\/\/www.netzausstatter.at\/wolkenwerkstatt\/wp-content\/uploads\/2017\/01\/storch-pfft_1.jpg\" target=\"_blank\"><img loading=\"lazy\" class=\"alignnone wp-image-616 size-full\" src=\"https:\/\/www.netzausstatter.at\/wolkenwerkstatt\/wp-content\/uploads\/2017\/01\/storch-pfft_1.jpg\" alt=\"Storch im Flug\" width=\"1600\" height=\"720\" srcset=\"https:\/\/www.netzausstatter.at\/wolkenwerkstatt\/wp-content\/uploads\/2017\/01\/storch-pfft_1.jpg 1600w, https:\/\/www.netzausstatter.at\/wolkenwerkstatt\/wp-content\/uploads\/2017\/01\/storch-pfft_1-300x135.jpg 300w, https:\/\/www.netzausstatter.at\/wolkenwerkstatt\/wp-content\/uploads\/2017\/01\/storch-pfft_1-768x346.jpg 768w, https:\/\/www.netzausstatter.at\/wolkenwerkstatt\/wp-content\/uploads\/2017\/01\/storch-pfft_1-1024x461.jpg 1024w, https:\/\/www.netzausstatter.at\/wolkenwerkstatt\/wp-content\/uploads\/2017\/01\/storch-pfft_1-1080x486.jpg 1080w\" sizes=\"(max-width: 1600px) 100vw, 1600px\" \/><\/a><\/p>\n<p>[\/et_pb_accordion_item][et_pb_accordion_item title=&#8220;Abb.3: Technische Ger\u00e4te f\u00fcr fl\u00e4chendeckende Ma\u00dfnahmen&#8220;]<\/p>\n<p><a href=\"https:\/\/www.netzausstatter.at\/wolkenwerkstatt\/wp-content\/uploads\/2017\/01\/schneekanonen_1_600x270.jpg\" target=\"_blank\"><img loading=\"lazy\" class=\"alignnone wp-image-762 size-full\" src=\"https:\/\/www.netzausstatter.at\/wolkenwerkstatt\/wp-content\/uploads\/2017\/01\/schneekanonen_1_600x270.jpg\" width=\"600\" height=\"270\" srcset=\"https:\/\/www.netzausstatter.at\/wolkenwerkstatt\/wp-content\/uploads\/2017\/01\/schneekanonen_1_600x270.jpg 600w, https:\/\/www.netzausstatter.at\/wolkenwerkstatt\/wp-content\/uploads\/2017\/01\/schneekanonen_1_600x270-300x135.jpg 300w\" sizes=\"(max-width: 600px) 100vw, 600px\" \/><\/a><\/p>\n<p>[\/et_pb_accordion_item] [\/et_pb_accordion][\/et_pb_column][\/et_pb_row][et_pb_row admin_label=&#8220;Zeile&#8220;][et_pb_column type=&#8220;4_4&#8243;][et_pb_divider admin_label=&#8220;Teiler&#8220; color=&#8220;#eaeaea&#8220; show_divider=&#8220;on&#8220; divider_style=&#8220;solid&#8220; divider_position=&#8220;top&#8220; hide_on_mobile=&#8220;off&#8220;]<\/p>\n<p>&nbsp;<\/p>\n<p>[\/et_pb_divider][\/et_pb_column][\/et_pb_row][et_pb_row admin_label=&#8220;Zeile&#8220;][et_pb_column type=&#8220;4_4&#8243;][et_pb_text admin_label=&#8220;\u00dcberschrift Vergleichssituationen&#8220; background_layout=&#8220;light&#8220; text_orientation=&#8220;left&#8220; use_border_color=&#8220;off&#8220; border_color=&#8220;#ffffff&#8220; border_style=&#8220;solid&#8220;]<\/p>\n<h3>Beispiel f\u00fcr eine erfolgreiche Wartung:<\/h3>\n<p>[\/et_pb_text][\/et_pb_column][\/et_pb_row][et_pb_row admin_label=&#8220;Zeile&#8220; make_fullwidth=&#8220;off&#8220; use_custom_width=&#8220;off&#8220; width_unit=&#8220;on&#8220; use_custom_gutter=&#8220;off&#8220; allow_player_pause=&#8220;off&#8220; parallax=&#8220;off&#8220; parallax_method=&#8220;off&#8220; make_equal=&#8220;off&#8220; parallax_1=&#8220;off&#8220; parallax_method_1=&#8220;off&#8220; parallax_2=&#8220;off&#8220; parallax_method_2=&#8220;off&#8220; parallax_3=&#8220;off&#8220; parallax_method_3=&#8220;off&#8220; parallax_4=&#8220;off&#8220; parallax_method_4=&#8220;off&#8220;][et_pb_column type=&#8220;1_2&#8243;][et_pb_text admin_label=&#8220;Text zu schwarze Wolke&#8220; background_layout=&#8220;light&#8220; text_orientation=&#8220;left&#8220; use_border_color=&#8220;off&#8220; border_color=&#8220;#ffffff&#8220; border_style=&#8220;solid&#8220;]<\/p>\n<p>Zuerst eine eher selten auftretende Situation: Wolken verlieren ihre Fluffigkeit, dunkeln ein, verdichten sich pl\u00f6tzlich gemeinsam mit vielen anderen Wolken zu einer unansehnlichen Gesamtmasse und sinken immer weiter herab:<\/p>\n<p>[\/et_pb_text][et_pb_image admin_label=&#8220;Bild&#8220; src=&#8220;https:\/\/www.netzausstatter.at\/wolkenwerkstatt\/wp-content\/uploads\/2017\/01\/Schwarze-Wolke-ueber-Wien_1200x480.jpg&#8220; show_in_lightbox=&#8220;on&#8220; url_new_window=&#8220;off&#8220; use_overlay=&#8220;off&#8220; animation=&#8220;off&#8220; sticky=&#8220;on&#8220; align=&#8220;left&#8220; force_fullwidth=&#8220;off&#8220; always_center_on_mobile=&#8220;on&#8220; use_border_color=&#8220;off&#8220; border_color=&#8220;#ffffff&#8220; border_style=&#8220;solid&#8220;]<\/p>\n<p>&nbsp;<\/p>\n<p>[\/et_pb_image][\/et_pb_column][et_pb_column type=&#8220;1_2&#8243;][et_pb_text admin_label=&#8220;Text&#8220; background_layout=&#8220;light&#8220; text_orientation=&#8220;left&#8220; use_border_color=&#8220;off&#8220; border_color=&#8220;#ffffff&#8220; border_style=&#8220;solid&#8220;]<\/p>\n<p>Hier die Situation nach der Wartung: Die Wolke wurde gr\u00fcndlich gereinigt und dabei auch etwas aufgelockert. Dadurch ist sie heller und fliegt auch wieder h\u00f6her. Die bedr\u00fcckende Stimmung ist verflogen &#8211; was will man mehr?<\/p>\n<p>[\/et_pb_text][et_pb_image admin_label=&#8220;Bild&#8220; src=&#8220;https:\/\/www.netzausstatter.at\/wolkenwerkstatt\/wp-content\/uploads\/2017\/01\/wartung_nachher_1200x480.jpg&#8220; show_in_lightbox=&#8220;on&#8220; url_new_window=&#8220;off&#8220; use_overlay=&#8220;off&#8220; animation=&#8220;off&#8220; sticky=&#8220;on&#8220; align=&#8220;left&#8220; force_fullwidth=&#8220;off&#8220; always_center_on_mobile=&#8220;on&#8220; use_border_color=&#8220;off&#8220; border_color=&#8220;#ffffff&#8220; border_style=&#8220;solid&#8220;]<\/p>\n<p>&nbsp;<\/p>\n<p>[\/et_pb_image][\/et_pb_column][\/et_pb_row][et_pb_row admin_label=&#8220;Zeile&#8220;][et_pb_column type=&#8220;4_4&#8243;][et_pb_divider admin_label=&#8220;Teiler&#8220; color=&#8220;#ffffff&#8220; show_divider=&#8220;off&#8220; divider_style=&#8220;solid&#8220; divider_position=&#8220;top&#8220; hide_on_mobile=&#8220;off&#8220;]<\/p>\n<p>&nbsp;<\/p>\n<p>[\/et_pb_divider][\/et_pb_column][\/et_pb_row][et_pb_row admin_label=&#8220;Zeile&#8220;][et_pb_column type=&#8220;4_4&#8243;][et_pb_text admin_label=&#8220;\u00dcberschrift Vergleichssituationen&#8220; background_layout=&#8220;light&#8220; text_orientation=&#8220;left&#8220; use_border_color=&#8220;off&#8220; border_color=&#8220;#ffffff&#8220; border_style=&#8220;solid&#8220;]<\/p>\n<h3>Direkter Vergleich mit und ohne Wartung:<\/h3>\n<p>[\/et_pb_text][\/et_pb_column][\/et_pb_row][et_pb_row admin_label=&#8220;Zeile&#8220;][et_pb_column type=&#8220;1_2&#8243;][et_pb_video admin_label=&#8220;Video&#8220; src=&#8220;https:\/\/www.netzausstatter.at\/wolkenwerkstatt\/wp-content\/uploads\/2017\/01\/wolken_1.mp4&#8243; src_webm=&#8220;https:\/\/www.netzausstatter.at\/wolkenwerkstatt\/wp-content\/uploads\/2017\/01\/wolken_1.webm&#8220; module_id=&#8220;wolkenvideo&#8220; module_class=&#8220;wolkenvideo&#8220;]<\/p>\n<p>&nbsp;<\/p>\n<p>[\/et_pb_video][\/et_pb_column][et_pb_column type=&#8220;1_2&#8243;][et_pb_text admin_label=&#8220;Text&#8220; background_layout=&#8220;light&#8220; text_orientation=&#8220;left&#8220; use_border_color=&#8220;off&#8220; border_color=&#8220;#ffffff&#8220; border_style=&#8220;solid&#8220;]<\/p>\n<p>In diesem Video sehen Sie im Vordergrund \u00e4ltere, unbehandelte Wolken &#8211; farblos, zerrissen, durch ihren strapazierten Zustand in relativ geringer H\u00f6he, durch die Zerrissenheit zu labil und damit zu schnell.<\/p>\n<p>Dahinter sind frisch gewartete Wolken zu sehen: Optisch wesentlich ansprechender, homogener und durch ihre wiedergewonnene Leichtigkeit wieder in h\u00f6here Lagen aufgestiegen. Ein Genuss f\u00fcr das Auge!<\/p>\n<p>[\/et_pb_text][\/et_pb_column][\/et_pb_row][et_pb_row admin_label=&#8220;Zeile&#8220;][et_pb_column type=&#8220;4_4&#8243;][et_pb_text admin_label=&#8220;Text&#8220; global_module=&#8220;497&#8243; background_layout=&#8220;light&#8220; text_orientation=&#8220;left&#8220; text_font=&#8220;PT Sans||||&#8220; use_border_color=&#8220;off&#8220; border_color=&#8220;#ffffff&#8220; border_style=&#8220;solid&#8220; module_class=&#8220;netzausstatter-anmerkung1&#8243; saved_tabs=&#8220;all&#8220;]<\/p>\n<p>Ein Hinweis: Diese Website ist eine Musterseite von <span style=\"color: #429e2f;\">netzausstatter.at | webdesign en d\u00e9tail<\/span>. Weitere Informationen dazu finden Sie auf der Seite <a href=\"\/ueber_uns\">\u00dcber uns<\/a>.<\/p>\n<p>[\/et_pb_text][\/et_pb_column][\/et_pb_row][\/et_pb_section]<\/p>\n","protected":false},"excerpt":{"rendered":"<p>[et_pb_section admin_label=&#8220;section&#8220; transparent_background=&#8220;off&#8220; allow_player_pause=&#8220;off&#8220; inner_shadow=&#8220;off&#8220; parallax=&#8220;off&#8220; parallax_method=&#8220;off&#8220; make_fullwidth=&#8220;off&#8220; use_custom_width=&#8220;off&#8220; width_unit=&#8220;on&#8220; make_equal=&#8220;off&#8220; use_custom_gutter=&#8220;off&#8220;][et_pb_row admin_label=&#8220;Zeile&#8220; make_fullwidth=&#8220;off&#8220; use_custom_width=&#8220;off&#8220; width_unit=&#8220;on&#8220; custom_width_px=&#8220;1022px&#8220; use_custom_gutter=&#8220;off&#8220; allow_player_pause=&#8220;off&#8220; parallax=&#8220;off&#8220; parallax_method=&#8220;off&#8220; make_equal=&#8220;off&#8220; parallax_1=&#8220;off&#8220; parallax_method_1=&#8220;off&#8220;][et_pb_column type=&#8220;4_4&#8243;][et_pb_post_title admin_label=&#8220;Posttitel&#8220; title=&#8220;on&#8220; meta=&#8220;off&#8220; author=&#8220;on&#8220; date=&#8220;on&#8220; categories=&#8220;on&#8220; comments=&#8220;on&#8220; featured_image=&#8220;off&#8220; featured_placement=&#8220;below&#8220; parallax_effect=&#8220;on&#8220; parallax_method=&#8220;on&#8220; text_orientation=&#8220;left&#8220; text_color=&#8220;dark&#8220; text_background=&#8220;off&#8220; text_bg_color=&#8220;rgba(255,255,255,0.9)&#8220; module_bg_color=&#8220;rgba(255,255,255,0)&#8220; use_border_color=&#8220;off&#8220; border_color=&#8220;#ffffff&#8220; border_style=&#8220;solid&#8220;] &nbsp; [\/et_pb_post_title][\/et_pb_column][\/et_pb_row][et_pb_row admin_label=&#8220;Zeile&#8220;][et_pb_column type=&#8220;4_4&#8243;][et_pb_text admin_label=&#8220;Text&#8220; background_layout=&#8220;light&#8220; text_orientation=&#8220;left&#8220; use_border_color=&#8220;off&#8220; border_color=&#8220;#ffffff&#8220; border_style=&#8220;solid&#8220;] Man [&hellip;]<\/p>\n","protected":false},"author":1,"featured_media":0,"parent":0,"menu_order":0,"comment_status":"closed","ping_status":"closed","template":"","meta":{"_et_pb_use_builder":"on","_et_pb_old_content":"","_et_gb_content_width":""},"_links":{"self":[{"href":"https:\/\/www.netzausstatter.at\/wolkenwerkstatt\/wp-json\/wp\/v2\/pages\/445"}],"collection":[{"href":"https:\/\/www.netzausstatter.at\/wolkenwerkstatt\/wp-json\/wp\/v2\/pages"}],"about":[{"href":"https:\/\/www.netzausstatter.at\/wolkenwerkstatt\/wp-json\/wp\/v2\/types\/page"}],"author":[{"embeddable":true,"href":"https:\/\/www.netzausstatter.at\/wolkenwerkstatt\/wp-json\/wp\/v2\/users\/1"}],"replies":[{"embeddable":true,"href":"https:\/\/www.netzausstatter.at\/wolkenwerkstatt\/wp-json\/wp\/v2\/comments?post=445"}],"version-history":[{"count":48,"href":"https:\/\/www.netzausstatter.at\/wolkenwerkstatt\/wp-json\/wp\/v2\/pages\/445\/revisions"}],"predecessor-version":[{"id":766,"href":"https:\/\/www.netzausstatter.at\/wolkenwerkstatt\/wp-json\/wp\/v2\/pages\/445\/revisions\/766"}],"wp:attachment":[{"href":"https:\/\/www.netzausstatter.at\/wolkenwerkstatt\/wp-json\/wp\/v2\/media?parent=445"}],"curies":[{"name":"wp","href":"https:\/\/api.w.org\/{rel}","templated":true}]}}